{"id":40,"date":"2025-04-28T14:11:57","date_gmt":"2025-04-28T12:11:57","guid":{"rendered":"https:\/\/automotorsport.us\/?page_id=40"},"modified":"2025-04-28T14:12:52","modified_gmt":"2025-04-28T12:12:52","slug":"contactez-moi","status":"publish","type":"page","link":"https:\/\/automotorsport.us\/index.php\/contactez-moi\/","title":{"rendered":"Contacter S\u00e9bastien"},"content":{"rendered":"\n<p>Vous avez une question sur un mod\u00e8le sp\u00e9cifique, un projet d&#8217;importation, ou vous souhaitez simplement \u00e9changer avec un passionn\u00e9 de voitures am\u00e9ricaines ? <\/p>\n\n\n\n<p>Je suis \u00e0 votre disposition pour vous conseiller et vous accompagner.<\/p>\n\n\n\n<p><strong>Section &#8220;Coordonn\u00e9es&#8221; :<\/strong><\/p>\n\n\n\n<ul class=\"wp-block-list\">\n<li><strong>T\u00e9l\u00e9phone :<\/strong> [Ins\u00e9rer le num\u00e9ro de t\u00e9l\u00e9phone de S\u00e9bastien]<\/li>\n\n\n\n<li><strong>Email :<\/strong> [Ins\u00e9rer l&#8217;adresse email de S\u00e9bastien]<\/li>\n<\/ul>\n\n\n\n<p>[<strong>Optionnel :<\/strong> Si S\u00e9bastien a un atelier ou un bureau physique o\u00f9 il re\u00e7oit, vous pouvez ajouter cette section] <strong>Section &#8220;Adresse&#8221; :<\/strong><\/p>\n\n\n\n<ul class=\"wp-block-list\">\n<li><strong>Adresse :<\/strong> [Ins\u00e9rer l&#8217;adresse physique de S\u00e9bastien] [Code Postal] [Ville] [Lien vers une carte Google Maps si possible]<\/li>\n<\/ul>\n\n\n\n<p>[<strong>Optionnel :<\/strong> Si S\u00e9bastien a des horaires d&#8217;ouverture sp\u00e9cifiques] <strong>Section &#8220;Horaires&#8221; :<\/strong><\/p>\n\n\n\n<ul class=\"wp-block-list\">\n<li><strong>Du [Jour] au [Jour] :<\/strong> [Heure d&#8217;ouverture] &#8211; [Heure de fermeture]<\/li>\n\n\n\n<li><strong>Le [Jour] :<\/strong> [Heure d&#8217;ouverture] &#8211; [Heure de fermeture] ou Ferm\u00e9<\/li>\n\n\n\n<li><strong>Weekend :<\/strong> [Heure d&#8217;ouverture] &#8211; [Heure de fermeture] ou Ferm\u00e9<\/li>\n<\/ul>\n\n\n\n<p><strong>Section &#8220;Formulaire de Contact&#8221; :<\/strong><\/p>\n\n\n\n<p>Vous pouvez \u00e9galement m&#8217;envoyer un message directement via le formulaire ci-dessous. Je m&#8217;engage \u00e0 vous r\u00e9pondre dans les plus brefs d\u00e9lais.<\/p>\n\n\n\n<p>[Ici, vous d\u00e9cririez les champs du formulaire, par exemple : Nom, Email, T\u00e9l\u00e9phone, Sujet, Message.]<\/p>\n\n\n<div class=\"wp-block-image\">\n<figure class=\"aligncenter size-large is-resized\"><img loading=\"lazy\" decoding=\"async\" width=\"1024\" height=\"576\" src=\"http:\/\/automotorsport.us\/wp-content\/uploads\/2025\/04\/Dodge-Ram-3-1024x576.jpeg\" alt=\"\" class=\"wp-image-7\" style=\"width:596px;height:auto\" srcset=\"https:\/\/automotorsport.us\/wp-content\/uploads\/2025\/04\/Dodge-Ram-3-1024x576.jpeg 1024w, https:\/\/automotorsport.us\/wp-content\/uploads\/2025\/04\/Dodge-Ram-3-300x169.jpeg 300w, https:\/\/automotorsport.us\/wp-content\/uploads\/2025\/04\/Dodge-Ram-3-768x432.jpeg 768w, https:\/\/automotorsport.us\/wp-content\/uploads\/2025\/04\/Dodge-Ram-3.jpeg 1470w\" sizes=\"auto, (max-width: 1024px) 100vw, 1024px\" \/><\/figure>\n<\/div>\n\n\n<p class=\"has-text-align-center\"><strong>Au plaisir d&#8217;\u00e9changer avec vous et de parler de votre future voiture am\u00e9ricaine !<\/strong><\/p>\n","protected":false},"excerpt":{"rendered":"<p>Vous avez une question sur un mod\u00e8le sp\u00e9cifique, un projet d&#8217;importation, ou vous souhaitez simplement \u00e9changer avec un passionn\u00e9 de voitures am\u00e9ricaines ? Je suis \u00e0 votre disposition pour vous conseiller et vous accompagner. Section &#8220;Coordonn\u00e9es&#8221; : [Optionnel : Si S\u00e9bastien a un atelier ou un bureau physique o\u00f9 il&hellip; <\/p>\n<p class=\"link-more\"><a href=\"https:\/\/automotorsport.us\/index.php\/contactez-moi\/\" class=\"more-link\">Read More<span class=\"screen-reader-text\">Contacter S\u00e9bastien<\/span><\/a><\/p>\n","protected":false},"author":1,"featured_media":0,"parent":0,"menu_order":0,"comment_status":"closed","ping_status":"closed","template":"","meta":{"footnotes":""},"class_list":["post-40","page","type-page","status-publish","hentry"],"_links":{"self":[{"href":"https:\/\/automotorsport.us\/index.php\/wp-json\/wp\/v2\/pages\/40","targetHints":{"allow":["GET"]}}],"collection":[{"href":"https:\/\/automotorsport.us\/index.php\/wp-json\/wp\/v2\/pages"}],"about":[{"href":"https:\/\/automotorsport.us\/index.php\/wp-json\/wp\/v2\/types\/page"}],"author":[{"embeddable":true,"href":"https:\/\/automotorsport.us\/index.php\/wp-json\/wp\/v2\/users\/1"}],"replies":[{"embeddable":true,"href":"https:\/\/automotorsport.us\/index.php\/wp-json\/wp\/v2\/comments?post=40"}],"version-history":[{"count":3,"href":"https:\/\/automotorsport.us\/index.php\/wp-json\/wp\/v2\/pages\/40\/revisions"}],"predecessor-version":[{"id":43,"href":"https:\/\/automotorsport.us\/index.php\/wp-json\/wp\/v2\/pages\/40\/revisions\/43"}],"wp:attachment":[{"href":"https:\/\/automotorsport.us\/index.php\/wp-json\/wp\/v2\/media?parent=40"}],"curies":[{"name":"wp","href":"https:\/\/api.w.org\/{rel}","templated":true}]}}